{"id":663,"date":"2019-11-19T13:20:34","date_gmt":"2019-11-19T12:20:34","guid":{"rendered":"http:\/\/www.museiciviciviggiutesi.com\/?page_id=663"},"modified":"2019-11-22T11:27:01","modified_gmt":"2019-11-22T10:27:01","slug":"gottardo-freschetti","status":"publish","type":"page","link":"https:\/\/www.museiciviciviggiutesi.com\/?page_id=663","title":{"rendered":"Gottardo Freschetti"},"content":{"rendered":"<div class=\"flex_column av_one_full  flex_column_div av-zero-column-padding first  avia-builder-el-0  el_before_av_one_fourth  avia-builder-el-first  \" style='border-radius:0px; '><div style='padding-bottom:10px; font-size:26px;' class='av-special-heading av-special-heading-h3  blockquote modern-quote  avia-builder-el-1  avia-builder-el-no-sibling   av-inherit-size '><h3 class='av-special-heading-tag '  itemprop=\"headline\"  >Gottardo Freschetti<\/h3><div class ='av-subheading av-subheading_below  ' style='font-size:14px;'><p>Viggi\u00f9, 4 Maggio 1906 &#8211; Milano, 18 Febbraio 1979<\/p>\n<\/div><div class='special-heading-border'><div class='special-heading-inner-border' ><\/div><\/div><\/div><\/div><div class=\"flex_column av_one_fourth  flex_column_div av-zero-column-padding first  avia-builder-el-2  el_after_av_one_full  el_before_av_three_fourth  column-top-margin\" style='border-radius:0px; '><div class='avia-image-container avia_animated_image avia_animate_when_almost_visible left-to-right av-styling-    avia-builder-el-3  avia-builder-el-no-sibling   avia-align-center '  itemprop=\"image\" itemscope=\"itemscope\" itemtype=\"https:\/\/schema.org\/ImageObject\"  ><div class='avia-image-container-inner'><div class='avia-image-overlay-wrap'><img class='avia_image' src='https:\/\/www.museiciviciviggiutesi.com\/wp-content\/uploads\/2019\/11\/Gottardo-Freschetti1.jpg' alt='' title='Gottardo-Freschetti1' height=\"238\" width=\"172\"  itemprop=\"thumbnailUrl\"  \/><\/div><\/div><\/div><\/div><div class=\"flex_column av_three_fourth  flex_column_div av-zero-column-padding   avia-builder-el-4  el_after_av_one_fourth  el_before_av_one_full  column-top-margin\" style='border-radius:0px; '><section class=\"av_textblock_section \"  itemscope=\"itemscope\" itemtype=\"https:\/\/schema.org\/CreativeWork\" ><div class='avia_textblock  '   itemprop=\"text\" ><p>Frequenta la locale Scuola d\u2019Arte Industriale vincendo alcuni premi nel corso di arte plastica, quindi si iscrive all\u2019Accademia di Belle Arti di Milano, avendo come docente il professor Bolgiani.\u00a0Dagli anni Trenta lavora e collabora con Lodovico Pogliaghi.<br \/>\nQuesto sodalizio che durer\u00e0 per oltre 20 anni porter\u00e0 alla realizzazione di molte opere in diverse citt\u00e0 italiane; tra queste si segnalano:<\/p>\n<ul>\n<li>\u00a0i due Angeli reggi cero per la Cappella del SS. Sacramento nella Basilica del Santo a Padova (1936 \u2013 1941)<\/li>\n<li>\u00a0il portale della Basilica di Santa Maria Maggiore a Roma (1936 \u2013 1949)<\/li>\n<\/ul>\n<p>Della sua vasta produzione, si ricordano:<\/p>\n<ul>\n<li>\u00a0i lavori nel Duomo di Chiavari e nella chiesa di San Francesco a Lerici (1932 \u2013 1938)<\/li>\n<li>\u00a0nel cimitero di Viggi\u00f9: il monumento funebre per la famiglia Galli con Donna orante in ginocchio e quello per la famiglia Carresi con Donna dolente in piedi; i bassorilievi con L\u2019assunzione della Vergine e di Cristo per il monumento funebre della famiglia Bottinelli; Cristo alla colonna in bronzo per la sepoltura della famiglia Bernasconi; i ritratti dei genitori e del fratello in bassorilievo (bronzo) per il monumento di famiglia<\/li>\n<li>i lavori nel Santuario di Caravaggio (1939)<\/li>\n<li>\u00a0il cancelletto dell\u2019altare maggiore del Santuario del Sacro Monte di Varese (1942)<\/li>\n<li>nel cimitero di Mozzate il monumento funebre per la famiglia Zampini (1949 \u2013 1950)<\/li>\n<\/ul>\n<p>tra il 1950 e il 1965: Madonna, SS. Gervaso e Protaso, due angeli ed il timpano per la facciata della chiesa Parrocchiale di Parabiago; i medaglioni in bronzo per la famiglia Conti nella chiesa e nel cimitero di Malnate; Santa Rita per il Monumentale di Milano; il monumento funebre per la famiglia Lana nel cimitero di Gallarate; i bassorilievi per la cappella Grampa nel cimitero di Busto Arsizio e opere che si trovano nei cimiteri di Desio, Varese, Gallarate, Bruzzano e nella chiesa di Melegnano.<\/p>\n<p>Dal 1965 e fino alla morte, oltre ad occuparsi della realizzazione di ritratti a bassorilievo per committenza privata (coniugi Favini al cimitero del Sacro Monte di Varese; famiglia Zambianchi al cimitero Maggiore di Milano), libera il suo estro di artista da ogni restrizione nell\u2019eseguire numerose opere in marmo a tutto tondo e a bassorilievo, attualmente di propriet\u00e0 privata ed in possesso della famiglia Freschetti.<\/p>\n<\/div><\/section><\/div><div class=\"flex_column av_one_full  flex_column_div av-zero-column-padding first  avia-builder-el-6  el_after_av_three_fourth  avia-builder-el-last  column-top-margin\" style='border-radius:0px; '><p><div  class='hr hr-default   avia-builder-el-7  el_before_av_heading  avia-builder-el-first '><span class='hr-inner ' ><span class='hr-inner-style'><\/span><\/span><\/div><br \/>\n<div style='padding-bottom:10px; font-size:26px;' class='av-special-heading av-special-heading-h3  blockquote classic-quote  avia-builder-el-8  el_after_av_hr  el_before_av_hr   av-inherit-size '><h3 class='av-special-heading-tag '  itemprop=\"headline\"  >Alcune opere presenti al Museo del \u2019900<\/h3><div class='special-heading-border'><div class='special-heading-inner-border' ><\/div><\/div><\/div><br \/>\n<div  class='hr hr-short hr-center   avia-builder-el-9  el_after_av_heading  el_before_av_portfolio  avia-builder-el-last  '><span class='hr-inner ' ><span class='hr-inner-style'><\/span><\/span><\/div><br \/>\n<div class=' grid-sort-container isotope   no_margin-container with-title-container grid-total-even grid-col-4 grid-links-' data-portfolio-id='1'><div data-ajax-id='606' class=' grid-entry flex_column isotope-item all_sort no_margin post-entry post-entry-606 grid-entry-overview grid-loop-1 grid-parity-odd  museo-del-900_sort  av_one_fourth first default_av_fullwidth '><article class='main_color inner-entry'  itemscope=\"itemscope\" itemtype=\"https:\/\/schema.org\/CreativeWork\" ><a href='http:\/\/www.museiciviciviggiutesi.com\/?page_id=734' title='Misticismo, Giacomo Buzzi Reschini'  data-rel='grid-1' class='grid-image avia-hover-fx'><img loading=\"lazy\" decoding=\"async\" width=\"260\" height=\"185\" src=\"https:\/\/www.museiciviciviggiutesi.com\/wp-content\/uploads\/2019\/11\/misticismo-p1-1.jpg\" class=\"attachment-portfolio_small size-portfolio_small wp-post-image\" alt=\"\" \/><\/a><div class='grid-content'><div class='avia-arrow'><\/div><header class=\"entry-content-header\"><h3 class='grid-entry-title entry-title '  itemprop=\"headline\" >Misticismo, Giacomo Buzzi Reschini<\/h3><\/header><\/div><footer class=\"entry-footer\"><\/footer><\/article><\/div><div data-ajax-id='222' class=' grid-entry flex_column isotope-item all_sort no_margin post-entry post-entry-222 grid-entry-overview grid-loop-2 grid-parity-even  museo-del-900_sort  av_one_fourth  default_av_fullwidth '><article class='main_color inner-entry'  itemscope=\"itemscope\" itemtype=\"https:\/\/schema.org\/CreativeWork\" ><a href='http:\/\/www.museiciviciviggiutesi.com\/?page_id=762' title='Autoritratto, Enrico Rusconi'  data-rel='grid-1' class='grid-image avia-hover-fx'><img loading=\"lazy\" decoding=\"async\" width=\"260\" height=\"185\" src=\"https:\/\/www.museiciviciviggiutesi.com\/wp-content\/uploads\/2019\/11\/autoritratto-enrico-rusconi-p-260x185.jpg\" class=\"attachment-portfolio_small size-portfolio_small wp-post-image\" alt=\"\" \/><\/a><div class='grid-content'><div class='avia-arrow'><\/div><header class=\"entry-content-header\"><h3 class='grid-entry-title entry-title '  itemprop=\"headline\" >Autoritratto, Enrico Rusconi<\/h3><\/header><\/div><footer class=\"entry-footer\"><\/footer><\/article><\/div><div data-ajax-id='220' class=' grid-entry flex_column isotope-item all_sort no_margin post-entry post-entry-220 grid-entry-overview grid-loop-3 grid-parity-odd  museo-del-900_sort  av_one_fourth  default_av_fullwidth '><article class='main_color inner-entry'  itemscope=\"itemscope\" itemtype=\"https:\/\/schema.org\/CreativeWork\" ><a href='http:\/\/www.museiciviciviggiutesi.com\/?page_id=749' title='Autoritratto,Vincenzo Catt\u00f2'  data-rel='grid-1' class='grid-image avia-hover-fx'><img loading=\"lazy\" decoding=\"async\" width=\"260\" height=\"185\" src=\"https:\/\/www.museiciviciviggiutesi.com\/wp-content\/uploads\/2019\/11\/autoritratto-vincenzo-catto-p-260x185.jpg\" class=\"attachment-portfolio_small size-portfolio_small wp-post-image\" alt=\"\" \/><\/a><div class='grid-content'><div class='avia-arrow'><\/div><header class=\"entry-content-header\"><h3 class='grid-entry-title entry-title '  itemprop=\"headline\" >Autoritratto,Vincenzo Catt\u00f2<\/h3><\/header><\/div><footer class=\"entry-footer\"><\/footer><\/article><\/div><div data-ajax-id='218' class=' grid-entry flex_column isotope-item all_sort no_margin post-entry post-entry-218 grid-entry-overview grid-loop-4 grid-parity-even  post-entry-last  museo-del-900_sort  av_one_fourth  default_av_fullwidth '><article class='main_color inner-entry'  itemscope=\"itemscope\" itemtype=\"https:\/\/schema.org\/CreativeWork\" ><a href='http:\/\/www.museiciviciviggiutesi.com\/?page_id=800' title='Estasi, Nando Conti'  data-rel='grid-1' class='grid-image avia-hover-fx'><img loading=\"lazy\" decoding=\"async\" width=\"260\" height=\"185\" src=\"https:\/\/www.museiciviciviggiutesi.com\/wp-content\/uploads\/2019\/11\/estasi-p-260x185.jpg\" class=\"attachment-portfolio_small size-portfolio_small wp-post-image\" alt=\"\" \/><\/a><div class='grid-content'><div class='avia-arrow'><\/div><header class=\"entry-content-header\"><h3 class='grid-entry-title entry-title '  itemprop=\"headline\" >Estasi, Nando Conti<\/h3><\/header><\/div><footer class=\"entry-footer\"><\/footer><\/article><\/div><\/div><br \/>\n<div  class='hr hr-short hr-center   avia-builder-el-11  el_after_av_portfolio  el_before_av_button  avia-builder-el-first  '><span class='hr-inner ' ><span class='hr-inner-style'><\/span><\/span><\/div><br \/>\n<div class='avia-button-wrap avia-button-center  avia-builder-el-12  el_after_av_hr  avia-builder-el-last  '><a href='https:\/\/www.museiciviciviggiutesi.com\/?page_id=692'  class='avia-button   avia-icon_select-no avia-color-custom avia-size-large avia-position-center '  style='background-color:#c6c6c5; border-color:#c6c6c5; color:#ffffff; ' ><span class='avia_iconbox_title' >Vedi tutte le opere<\/span><\/a><\/div><\/p><\/div><\/p>\n","protected":false},"excerpt":{"rendered":"","protected":false},"author":1,"featured_media":0,"parent":0,"menu_order":0,"comment_status":"closed","ping_status":"closed","template":"","meta":{"footnotes":""},"class_list":["post-663","page","type-page","status-publish","hentry"],"_links":{"self":[{"href":"https:\/\/www.museiciviciviggiutesi.com\/index.php?rest_route=\/wp\/v2\/pages\/663","targetHints":{"allow":["GET"]}}],"collection":[{"href":"https:\/\/www.museiciviciviggiutesi.com\/index.php?rest_route=\/wp\/v2\/pages"}],"about":[{"href":"https:\/\/www.museiciviciviggiutesi.com\/index.php?rest_route=\/wp\/v2\/types\/page"}],"author":[{"embeddable":true,"href":"https:\/\/www.museiciviciviggiutesi.com\/index.php?rest_route=\/wp\/v2\/users\/1"}],"replies":[{"embeddable":true,"href":"https:\/\/www.museiciviciviggiutesi.com\/index.php?rest_route=%2Fwp%2Fv2%2Fcomments&post=663"}],"version-history":[{"count":2,"href":"https:\/\/www.museiciviciviggiutesi.com\/index.php?rest_route=\/wp\/v2\/pages\/663\/revisions"}],"predecessor-version":[{"id":1248,"href":"https:\/\/www.museiciviciviggiutesi.com\/index.php?rest_route=\/wp\/v2\/pages\/663\/revisions\/1248"}],"wp:attachment":[{"href":"https:\/\/www.museiciviciviggiutesi.com\/index.php?rest_route=%2Fwp%2Fv2%2Fmedia&parent=663"}],"curies":[{"name":"wp","href":"https:\/\/api.w.org\/{rel}","templated":true}]}}